ne u(3).
-5
Let n(v) = -7*v**3 - 13*v**2 + 10*v + 10. Let b(u) = -u**3 - u**2. Let s(y) = 6*b(y) - n(y). What is s(-8)?
6
Let h(j) be the third derivative of -j**9/60480 + j**8/4032 - j**7/5040 - j**6/180 + j**5/15 + 4*j**2. Let o(k) be the third derivative of h(k). Determine o(5).
-9
Let t(s) = -4*s**2 + 3*s - 7. Let m(j) = -3*j**2 + 4*j - 7. Let k(b) = -3*m(b) + 2*t(b). Let p be k(5). Let n(g) = g**3 + 1. What is n(p)?
9
Let s(z) = z + 7 - 2*z + 0*z. Calculate s(0).
7
Let o be (0 - (-1)/(-1)) + 2. Let c(t) be the second derivative of -5*t**3/3 - 93*t. Determine c(o).
-10
Let h = -4 + 6. Let t be (-12)/(40/(-18) + h). Let b be (-12)/30 + t/10. Let f(z) = z**3 - 4*z**2 - 4*z - 1. What is f(b)?
4
Let y(b) = 2*b - 5. Let w(n) = 1. Let k(d) = -12*w(d) - 3*y(d). Let u(x) = 2*x**2 + x + 1. Let q be u(-1). What is k(q)?
-9
Let w(r) = -2*r - 5 + 3 + 3 - 5*r**2. Let u(d) = -d**3 - 12*d**2 + 13*d + 1. Let b be u(-13). Calculate w(b).
-6
Let a(g) = 6*g**3 + g**2 + 5*g + 7. Let r(h) = 7*h**3 + 5*h + 8. Let x(y) = -6*a(y) + 5*r(y). Calculate x(-4).
-14
Let r = 4 - 2. Let v(t) be the first derivative of t**5/40 - t**3/3 - 2. Let k(p) be the third derivative of v(p). Determine k(r).
6
Let q(g) = 4*g - 2*g - 3*g**3 + 5*g**2 + 8*g**3 + 2 - 4*g**3. Calculate q(-2).
10
Let h = 1 - 3. Let v(o) = -3*o - 3. What is v(h)?
3
Suppose 0 = -q + 8*q - 49. Let c(v) = v**2 - 7*v + 6. Calculate c(q).
6
Let b(o) = -24*o + 2*o**2 + 2 + 17*o - o**3 + 4*o**2. Give b(5).
-8
Let z(g) = -g - 1. Let i(l) = 5*l + 5. Let x(f) = -i(f) - 4*z(f). Let t(s) be the third derivative of s**3/3 + 4*s**2. Let u(a) = 3*t(a) + 2*x(a). Give u(4).
-4
Suppose 2*t - 2*n - 12 = 0, t + 3*n = -3*t - 4. Let d(w) be the second derivative of -w**t + 0 - 1/4*w**4 - 2*w - 2/3*w**3. Calculate d(-2).
-6
Let j be 2/(-9) - 14/18. Let d be 1/((-3)/(-12)) + -1. Let a(t) = -t + 2*t + d - 4. What is a(j)?
-2
Let g(o) = o**2 - 2*o - 4. Let t(z) = 4*z - 21. Let u be t(6). Give g(u).
-1
Let z = 3 + 3. Let k(t) = 48*t**2 - 98*t**2 + 51*t**2 - 6*t - 6. Calculate k(z).
-6
Suppose -1 = -2*i + 5. Let p(f) = -4*f - i*f + 2*f - 2 + f**2. What is p(6)?
4
Let n(d) be the third derivative of -d**4/24 + d**3/6 - d**2. Let b(s) = -9*s - 4. Let z(m) = b(m) + 5*n(m). What is z(1)?
-13
Let o = 7 + -12. Let u(l) = -4*l**2 + 25*l + 18. Let t(a) = a**2 - 8*a - 6. Let q(x) = -7*t(x) - 2*u(x). What is q(o)?
1
Let v(m) = -14*m**2 - 4. Let r(x) = 3*x**2 + x + 1. Let u(g) = -3*r(g) - v(g). Let f(t) = t**2 + 3*t + 2. Let b be f(-3). Give u(b).
15
Let r(u) = 2*u**2 + 9*u + 8. Let n(z) = -6*z**2 - 28*z - 25. Let x be (-2)/((0 + -3)/(-3)). Let k(h) = x*n(h) - 7*r(h). Give k(-4).
-10
Suppose 5*t = -5*f + 10, 5*t = 2*f + 3*t. Let x be 1 - (3/f - 3). Let c(q) = -2*q**2 + q. Calculate c(x).
-1
Let q(m) be the first derivative of -8*m**3/3 - m + 27. Let n = -2 + 3. What is q(n)?
-9
Let o(j) = -7*j**3 - j**2 + 6*j - 5. Let k(y) = 10*y**3 + 2*y**2 - 9*y + 7. Let u(n) = -5*k(n) - 7*o(n). Suppose -2*x - 2*x + 8 = -5*g, 2*g + 5 = x. Give u(g).
4
Suppose -2*g - 4 = -4*w - g, -2*w = -g. Suppose 4*j - w*j - 12 = 0. Let b(d) = d**2 - 7*d + 3. Determine b(j).
-3
Let r(a) be the first derivative of 7*a**2/2 + a - 1. Let m be -3*(-1)/(1 - -2). Let k be ((-6)/6)/(m/1). Give r(k).
-6
Let m(h) = 2*h**3 + 2*h**2 - h. Let r be m(1). Let q(l) = 0*l + 5*l + r*l - 5*l. Let i(w) = w**2 + 2*w - 1. Let n be i(-2). What is q(n)?
-3
Let u(g) = -g - 1. Suppose 2*r = -5*q + r + 32, -5*r - 8 = q. What is u(q)?
-8
Let j = 20 - 27. Let t(u) = u + 7. Determine t(j).
0
Suppose -8*y + 20 = 12. Let g(s) = 11*s**3 + s**2 - s. Calculate g(y).
11
Let q(x) be the second derivative of x**3/2 + 2*x. Let g(z) = -z + 1. Let a be g(0). What is q(a)?
3
Let n(y) = -16*y - 2. Let v(w) = w. Let a(h) = -n(h) - 4*v(h). Give a(-2).
-22
Let s(n) = n**3 - 2*n**2 - n + 2. Let t(v) = 3*v**3 - 5*v**2 - 3*v + 5. Let a(h) = -5*s(h) + 2*t(h). Give a(1).
0
Let w(l) be the second derivative of l**4/12 + 4*l**3/3 + 9*l**2/2 + 6*l. What is w(-8)?
9
Suppose 5*z = -w + 24, -2*w = 2*z - 8 - 0. Let p(r) = r**2 - 5*r. Determine p(z).
0
Let q(h) = -h**2 - h. Suppose 2*n = 3*p - 6, -n + 4*n + 28 = -5*p. Let k(z) = -z**3 + z**2 - 11*z - 8. Let i(d) = n*q(d) + k(d). Calculate i(6).
-2
Suppose -5*r + 195 = 180. Let k(o) be the second derivative of -4*o - 1/6*o**4 - 3*o**2 + 0 + 7/6*o**r. Give k(4).
-10
Suppose -3*s + 5*d - 7 = 0, 4*s - s - 4*d = -8. Let v(o) = 2*o**2 + 5*o. Calculate v(s).
12
Let m(f) = -2*f - 3. Let b be (-5 - -1)/(0 - -1). Calculate m(b).
5
Let f be ((-9)/6)/(1/4). Let v be (-16)/12 - (-4)/f. Let k(t) be the third derivative of t**6/120 + t**5/30 - t**4/24 - t**3/6 - t**2. Determine k(v).
1
Let d(g) = g - 10 + 5 - g**2 + 7 + 2*g**2. What is d(-4)?
14
Let y be (2/(-4))/(7/(-42)). Let s(i) be the first derivative of -i**2/2 - i - 1. What is s(y)?
-4
Let o(i) = 2*i. Suppose -2*l - l + 5*d = 16, 4*d - 6 = -l. Let n be (-5 + 1)*l/4. Let v = 1 + n. Determine o(v).
6
Let g(o) = 1 + 0*o**2 - 5*o**2 + 4*o**2. Give g(-1).
0
Let r(w) = 4*w - 4. Let f(a) = -3*a + 5. Let z(v) = 3*f(v) + 2*r(v). Let j(n) = -n**2 + 5*n + 5. Let l be j(5). Calculate z(l).
2
Let w = 6 + -9. Let m = w + 1. Let r(a) = 1 + 4*a**3 - 2*a - 5*a**3 + a**2 - 4*a**2. Determine r(m).
1
Let c be 6*((-6)/(-3) - 3). Let h(a) = -a + 9. Let g be h(6). Let w(f) = f**2 - 4*f**2 + g - 6*f + 2*f**2. Calculate w(c).
3
Let m(d) = -2*d**2 - 2*d + 1. Let y be m(1). Let q(c) be the third derivative of c**5/60 + c**4/24 - 2*c**3/3 - 2*c**2. Calculate q(y).
2
Let l(u) = u**2 + 3*u + 4. Let p = 2 + -6. Let h = 0 - p. Suppose 0 = -h*n + 5*n + 3. What is l(n)?
4
Let y = -5 + 7. Suppose -y*v = -0*v - 14. Let j(i) = -i**3 + 7*i**2 + 2. Give j(v).
2
Let h(p) be the first derivative of -1/3*p**3 - 1 + 5/2*p**2 - 3*p. What is h(4)?
1
Let o(v) be the third derivative of v**5/30 - v**4/8 - v**3/3 - 30*v**2. What is o(-3)?
25
Let m = -28 - -15. Let o = 6 + m. Let z(a) = -a - 4. Let i be z(o). Let c(q) = -q - 1. What is c(i)?
-4
Suppose 4*p - 8 - 4 = 0. Let c(w) = -p*w - w - w**2 + 1 + 2*w. Suppose 5 + 1 = 6*i. Calculate c(i).
-2
Let g(l) = -5*l + 12*l + l**2 - 13*l + 1 + 0*l**2. Determine g(3).
-8
Suppose 0 = -3*t + 5*q + 6, 0 = 3*t + 4*q - 3 - 3. Let d be 4/2*-1 - -2. Let r(l) = 2*l**2 - l**3 + d*l**t - l + 24 - 23. What is r(2)?
-1
Suppose 3*x - 5 = 4*x. Let s(n) = -n**2 + 1. Let j(d) = 2*d**2 - 7*d - 9. Let o(m) = -j(m) - 3*s(m). Determine o(x).
-4
Let l = 0 + 2. Let s(n) = -3*n - n**2 + 3 - 2*n**l + 2*n - 1. Determine s(2).
-12
Let u(f) = f**2 + 5*f + 7. Suppose -j + 7 - 12 = 0. Determine u(j).
7
Let o(s) = -566*s**3 + s + 1 + 3*s**2 + 1123*s**3 - 556*s**3. Let i be 1 + -1 + 1 - 4. What is o(i)?
-2
Let s(i) = 4*i**2 - 10*i + 9. Let f(c) = 3*c**2 - 9*c + 8. Suppose 5*h - 16 - 9 = -n, 5 = h + 5*n. Let t(l) = h*s(l) - 6*f(l). Give t(-4).
13
Let i(d) = 9*d**2 - 2*d. Let a be i(2). Suppose -12 = 5*c - a. Let h(g) = 2 - g**2 + 2*g**2 + 2*g - c*g. What is h(3)?
5
Suppose 7 = -4*k + 31. Let v(a) = -5*a**2 + 10*a - 7. Let m(w) = -4*w**2 + 9*w - 6. Let z(g) = -4*m(g) + 3*v(g). Give z(k).
3
Let z(a) = -a**2 - a + 1. Let r(w) = w - 1. Let x(h) = 5*r(h) + z(h). Suppose 9*y - 60 = -3*y. Determine x(y).
-9
Let v(c) = 21*c - 37*c + 19*c + 4. Give v(-5).
-11
Let x(r) = -r**2 + 8*r + 3. Let f(u) = u**2 - 9*u - 4. Let o(v) = -3*f(v) - 4*x(v). Let a be (-3)/2*(-32)/6. Suppose a*m - 20 = 4*m. Calculate o(m).
0
Let a = 13 - 11. Let x(m) = -m**3 - 6*m**2 - 4. Let o(p) = -5*p**3 - 25*p**2 + p - 17. Let w(h) = a*o(h) - 9*x(h). Determine w(4).
10
Let b(l) = -7*l**2 + l. Let t(m) = -4*m**2. Let w(k) = -3*b(k) + 5*t(k). Calculate w(3).
0
Let y(r) = -r - 7. Suppose -6*g = 33 + 27. Let s(m) = -4*m - 22. Let p(v) = g*y(v) + 3*s(v). What is p(4)?
-4
Let k(o) be the first derivative of o**6/120 + o**4/24 - o**3/6 + 3*o**2/2 + 2. Let d(x) be the second derivative of k(x). Calculate d(0).
-1
Let c = 17 + -18. Let o(f) = 5*f**2 - 2*f - 1. What is o(c)?
6
Let u(k) = -2*k**2 + 5*k + 4. Let g(a) = a**3 - 7*a**2 - 10*a + 20. Let x be g(8). Give u(x).
-8
Let k(i) be the third derivative of -i**8/20160 + i**7/1680 - i**6/360 - i**5/15 - 3*i**2. Let f(g) be the third derivative of k(g). Calculate f(3).
-2
Let t(p) = 2*p**3 + 7*p**2 - 4*p - 16. Let u(r) = 3*r**3 + 11*r**2 - 6*r - 24. Let q(v) = -7*t(v) +